 4 + 6 = 0, 257 = 2*h - u. Calculate the remainder when h is divided by 40.
11
Calculate the remainder when 9 is divided by (-4)/(-18) - 204/(-54).
1
Suppose -5*y = -2*y - 30. Suppose -553 = -y*m + 3*m. Calculate the remainder when m is divided by 16.
15
Suppose -356 = 3*r - 380. What is the remainder when 103 is divided by r?
7
Let w(g) = -g - 13. Let p be w(-15). Suppose 3*s + 7*v - 2*v = 57, 3*s + p*v - 57 = 0. What is the remainder when 55 is divided by s?
17
Suppose -2*a + 81 = -15. Suppose -23 + 13 = -2*u. Suppose 0 = -u*o + 26 + 59. Calculate the remainder when a is divided by o.
14
Suppose 3*s + 129 = -3*l, -4*s - 4*l = l + 177. Let z = s + 48. Calculate the remainder when 28 is divided by z.
8
Let c be (-2)/(-1 + 2) + (102 - -4). Let r = c - 75. Calculate the remainder when r is divided by 11.
7
Let s(d) = 15*d + 81. Calculate the remainder when s(15) is divided by 101.
3
Suppose 0 = 3*u + 12*u - 120. Suppose 2*m - 320 = -u*m. What is the remainder when 59 is divided by m?
27
Suppose -4*f + 45 + 43 = -2*j, 0 = 5*j. Let z = 21 + -11. Suppose -z*r + 14*r - 36 = 0. Calculate the remainder when f is divided by r.
4
What is the remainder when 101 is divided by (14 - 1) + -3*(-5 + 7)?
3
Let m(g) = 11*g - 1. Let n be m(4). Suppose 3*c = -p + 59, -3*c + 0*p = 5*p - n. Let x = 30 - -10. What is the remainder when x is divided by c?
19
Suppose 87*z - 83*z = 48. Suppose -2*j + 20 = q - 2*q, z = j - q. What is the remainder when 15 is divided by j?
7
Let w be 6/(-2) + 94*1. Let p = -30 + w. Let b = 118 - p. What is the remainder when b is divided by 12?
9
Let g(b) = -b**3 - b**2 + 3*b + 460. What is the remainder when g(0) is divided by 29?
25
What is the remainder when (-768)/(-45) - -3 - (-12)/(-180) is divided by 15?
5
Suppose 16*z = z + 405. Calculate the remainder when z is divided by 7 + -1 - 1/(-1).
6
Let f(b) = -7 - b**3 - 5*b + 7*b**2 + 2*b**2 - 3*b. Suppose 0 = v - 15 + 3. What is the remainder when f(7) is divided by v?
11
Let x(n) = -n**2 - 7*n + 1. Let u be x(-7). Suppose -7 = -4*i + 5*h + 4, u = h. Let y = i - -10. Calculate the remainder when 53 is divided by y.
11
Suppose -5*f = 5*b - 370, 4*f - 3*b + 196 = 492. Suppose 0*m + 5*m = -2*n + f, -3*m + 4*n + 34 = 0. What is the remainder when 67 is divided by m?
11
Suppose 4*a - 3*a = -17. Let m = 27 + a. Calculate the remainder when 0/(-2) - 56/(-2) is divided by m.
8
Let z = 23 - -3. Let j(q) = -4*q - 26. Let v be 8/24 + 174/(-9). What is the remainder when j(v) is divided by z?
24
Let p be ((-5)/(-10))/(1/4) - 4. Suppose 0 = g - 13 - 14. What is the remainder when g is divided by -1*(-2 - (p + 7))?
6
Let c(a) = 44*a. Calculate the remainder when c(1) is divided by 4.
0
Suppose -2*r + 200 + 243 = -g, 2*r + 5*g - 461 = 0. Calculate the remainder when r is divided by 7.
6
Let x(o) = -o + 2*o - 4*o - 6 + 0*o. Let b be x(-3). Let n = b - 1. What is the remainder when 4 is divided by n?
0
Calculate the remainder when 236 is divided by 31 + (6/(-6) - 0).
26
Calculate the remainder when 71 is divided by (-8)/(-36)*3 - (-106)/3.
35
Suppose -2*h - 2*h + 16 = 0. Suppose -h*f - 2*a - 2*a = -144, 0 = -f - 5*a + 28. Let x = -1 + 21. What is the remainder when f is divided by x?
18
Suppose 0 = -3*k - 9*k + 108. Let p = -68 - -101. Calculate the remainder when p is divided by k.
6
Let v(j) = -j**3 - 21*j**2 - 3*j - 50. Suppose 10 + 32 = -2*k. What is the remainder when v(k) is divided by 6?
1
Suppose m + l = 5 + 31, -180 = -4*m + 5*l. Let q(a) = a**2 + 5*a + 5. Calculate the remainder when (21/(-5))/((-8)/m) is divided by q(-6).
10
Suppose -53*w + 45*w = -1424. Calculate the remainder when w is divided by 36.
34
Let u(i) be the third derivative of -17*i**4/24 - 5*i**3/6 + 33*i**2. Calculate the remainder when 46 is divided by u(-1).
10
Suppose 6*y + 701 = 5*i + 8*y, -2*i - 5*y + 293 = 0. Calculate the remainder when i is divided by 35.
34
Let g be (3/(-3) + -43)/(12/(-18)). Suppose 11*f - g = -0*f. What is the remainder when 22 is divided by f?
4
Let d = -295 - -406. What is the remainder when 294 is divided by d?
72
Let z(j) = 3*j + 9. Let n be z(-7). Let y be n/(-10)*15/6. Let f = y - -29. Calculate the remainder when f is divided by 11.
10
Calculate the remainder when ((-337)/(-3) - 1) + (-30)/90 is divided by 7.
6
Calculate the remainder when 12*(5 - (-68)/12) is divided by 47.
34
Suppose 11*c + 23*c = 1224. What is the remainder when 100 is divided by c?
28
Let b = 5936 + -3806. What is the remainder when b is divided by 82?
80
Let m = 3 + -1. Suppose -m*g + 10 = -0. Suppose -19 - 26 = -g*o. What is the remainder when 26 is divided by o?
8
Suppose 0 = -3*z - z + 80. Suppose 1528*t - 4*d = 1533*t - 11, 0 = 5*t - d - 41. What is the remainder when z is divided by t?
6
Suppose -2*p + 2 = 0, l + 2*p = 39 + 8. Calculate the remainder when 263 is divided by l.
38
Let g = -10 - -20. Suppose -14*c + 212 = -g*c. What is the remainder when c is divided by 28?
25
What is the remainder when (-925)/(-55) + (-2)/(-11) is divided by 8?
1
Let d(b) be the second derivative of -b**3/6 + 4*b**2 + 9*b. Let f be d(-9). What is the remainder when f + (-1 - (1 + -3)) is divided by 7?
4
Suppose -4*v + 285 = v. Let y(c) = -21*c - 2. Let z be y(4). Calculate the remainder when v is divided by z/(-6) + 4/6.
12
Let w(k) be the first derivative of 23*k**2/2 - 53*k + 31. What is the remainder when w(6) is divided by 22?
19
Suppose 5*t + 15*l - 19*l - 254 = 0, 196 = 4*t - 5*l. What is the remainder when 159 is divided by t?
51
Let m(h) = h**2 - 10*h + 4. Let i be m(13). Let l = i - 27. What is the remainder when l + 2/3*3 is divided by 5?
3
What is the remainder when -4*(392/(-32) - 3) is divided by 55?
6
Suppose -8 = 4*s, n + n + 2*s = 1452. Calculate the remainder when (-28)/154 - n/(-11) is divided by 17.
15
Suppose -5*a + 21 + 14 = 2*m, -7 = -a - 3*m. Suppose -34 = -a*w + 22. Suppose 3 = w*j - 5*j. What is the remainder when 2 is divided by j?
0
Let l(m) = 3*m**2 - 5*m + 4. Let i = -161 - -26. What is the remainder when l(3) is divided by i/(-18) - 3/(-2)?
7
Suppose -r - 4*m = -9 + 2, -11 = -2*r - 5*m. Let u be (6/(-9))/(3/18). What is the remainder when (-48)/(-15) + u/20 is divided by r?
0
What is the remainder when (-2)/5 + (-4)/((-180)/8973) is divided by 10?
9
Let u = -1358 - -1365. Calculate the remainder when 52 is divided by u.
3
Suppose -26 = -4*q - 6. Calculate the remainder when q is divided by (96/(-36))/(8/(-6)).
1
Let f(u) = -u**3 + 9*u**2 - u - 5. What is the remainder when f(8) is divided by 18?
15
Calculate the remainder when (-21)/2*(0 + -3 - -1) is divided by 5.
1
Let r(t) = -2*t + 0 - 4 - 2*t + 0 - t**2. Let y be r(-4). Calculate the remainder when 27 is divided by 310/20 - (-2)/y.
12
Let o(y) = 16*y + 37. What is the remainder when o(4) is divided by 10?
1
Suppose 0 = 6*f - 6 + 198. Let a = 38 + f. Calculate the remainder when a is divided by 4.
2
Suppose -9*m + q - 22 = -12*m, -3*q - 25 = -4*m. What is the remainder when (-1 + -14)*(-6)/9 is divided by m?
3
Let k(l) = 4*l**3 + l**2 - 2*l + 1. Let u be k(1). Suppose 0 = c + u*c - 165. Calculate the remainder when c is divided by 18.
15
Let q(w) = -w**3 + 3*w**2 + 5*w + 4. Let s = -87 + 82. What is the remainder when q(s) is divided by 20?
19
Let i = 99 - -235. Calculate the remainder when i is divided by 13.
9
Let f(q) = -q + 8. Let b be f(6). Suppose 0 = -b*y - 0*y + 26. Calculate the remainder when y is divided by (1 - (-12)/(-8))*-8.
1
Let v be 510/(-20)*4/(-3). Let z = 48 - v. Calculate the remainder when 23 is divided by z.
9
Suppose 4*q - 100 = -2*g, 47 = q - g + 16. What is the remainder when 454 is divided by q?
22
Let k = 824 + -757. What is the remainder when k is divided by 0 + 0 - 17/(-1)?
16
Suppose 2*l - 519 = -l. Suppose 5*h = -l - 162. Let y = h + 120. Calculate the remainder when y is divided by 14.
11
Suppose 3*w - 100 - 53 = 0. Let c = -45 + w. Let y = -10 + 20. Calculate the remainder when y is divided by c.
4
Suppose 5*u - 3*d - 29 = -2*d, -2*u + 3*d + 22 = 0. Let c(s) = s**3 - 4*s**2 + s + 15. What is the remainder when c(u) is divided by 94/4 - (-2)/(-4)?
22
What is the remainder when 403 is divided by 1 - (-4 + 10 + -10)?
3
Let g be (1 + 11)*120/18. Suppose -m + 6*m = g. What is the remainder when 25 is divided by (-27)